 be (w + 34)*(-2 - -3). Suppose 4*v + v + a = 2*p, 0 = p - 5*v - 29. What is the units digit of p?
4
Let w = 118 + -15. What is the units digit of w?
3
Let o = 136 + -65. What is the units digit of o?
1
Let a(m) = 2*m**2 + 6 - 5*m**2 + 6*m + 2*m**2 + m. What is the units digit of a(7)?
6
Let j = 44 - 22. Let k = j + 18. Suppose -y = 4*t - t + 8, 0 = 5*y - t - k. What is the units digit of y?
7
Let l = 16 - 21. What is the units digit of 2/l - 152/(-5)?
0
Let z(v) = 33*v + 93. What is the hundreds digit of z(7)?
3
Suppose -4*w - 45 = -9*w. What is the units digit of w?
9
Suppose 0*q = q + 14. Let k = 26 + q. Let w = k - 7. What is the units digit of w?
5
Let d = 45 + -24. Let f be d/12 - (-2)/8. What is the units digit of f/9 + 88/9?
0
Let o = 18 + -13. Let p(t) = -o*t**2 + 4*t**3 + 2*t**2 - 1 + 2*t**2 + 2*t. What is the units digit of p(1)?
4
Let t(s) = -s**2 - 14*s - 11. Suppose -36 = -0*z + 4*z. What is the units digit of t(z)?
4
Suppose 0 = 5*l + 3*r - 469, 0*l - 5*r = -3*l + 295. What is the units digit of l?
5
Let p(k) be the first derivative of 13*k**2/2 - 2*k - 2. Let y be p(4). Suppose -2*h = -2*m + 26, 2*h + y = 2*m + 3*m. What is the units digit of m?
8
Suppose -u - 3*u = -84. Let c be 2/7 - (-15)/u. What is the units digit of c/((-1)/((-21)/3))?
7
Suppose 7*k + 3090 = 22*k. What is the units digit of k?
6
Let p(c) = 7*c. Suppose 5*u - 2*u = 3. What is the units digit of p(u)?
7
Let t = 0 - -2. Suppose t*w + 2*w = 0. Suppose -5*o - 5*m + 40 = 0, -o = -w*m - 3*m. What is the units digit of o?
6
What is the units digit of ((-2)/6)/(8/(-216))?
9
Let t(r) = r - 1. Let b be t(4). What is the units digit of 2/(-6) - (-43)/b?
4
Suppose 15 = 3*y - 3*d + 3, -20 = -y - 3*d. Suppose -y = -u + 21. What is the units digit of u?
9
Suppose 26 = 2*m - 2*l - 6, -5*m + 2*l = -77. Suppose 0 = -4*z - z + m. What is the units digit of z?
3
Let m(n) = n**2 - 5*n - 3. Let q = 8 + 1. Let v = -3 + q. What is the units digit of m(v)?
3
Suppose k - 220 + 3 = 0. What is the units digit of k?
7
Let j = -82 - -131. What is the units digit of j?
9
Suppose 3*o = 3*q + 51, -6*q = o - 11*q - 25. What is the units digit of o?
5
Let t be (0/((-4)/2))/2. Suppose t = j - 3 + 1. What is the units digit of j?
2
Suppose -20*x = -16*x - 172. What is the units digit of x?
3
Suppose -4*l = 3*l - 336. What is the tens digit of l?
4
Let k(v) = 3*v**2 - 3*v + 2. What is the tens digit of k(4)?
3
Let t(p) = p**2 + 3*p - 4. Suppose u = 3*u - 8. What is the units digit of t(u)?
4
Let b = -17 - -11. What is the units digit of ((-3)/b)/((-1)/(-12))?
6
Let m(i) = -13*i - 2. Let n be m(-2). Suppose -5*y - 2 + n = t, -2*y = 4*t - 34. What is the units digit of t?
7
Suppose 0 = -2*j + f + f + 8, 8 = 3*j - 5*f. What is the units digit of 63*(-2 - (-14)/j)?
1
Let g = -13 + 6. Let n = g + 5. Let s = 4 + n. What is the units digit of s?
2
Let m = 6 - 4. Let z be m/9 - 50/(-18). What is the units digit of (z/2)/(3/8)?
4
Let d(q) = -q**3 + 16*q**2 + q - 12. What is the units digit of d(16)?
4
Let w be 4/((-16)/(-3))*4. Suppose -w*u = -u - 6. What is the units digit of (-1)/u + (-39)/(-9)?
4
What is the tens digit of (150/(-4))/(18/(-24))?
5
Let a(l) = l**3 - 10*l**2 - 8*l - 7. Suppose 8 = -5*o + o, -q = 5*o - 1. What is the units digit of a(q)?
6
Let z = 1 + -1. Suppose z = -3*a - g + 4*g + 24, g = 4*a - 26. What is the units digit of a?
6
Suppose c = 5*t - 29, 4*c - c - 13 = -5*t. Suppose -2*p + t*p - 36 = 0. What is the tens digit of p?
1
Let o(v) = -6*v. Suppose i = -0*i - 4*j - 15, 4*i + 3*j = -21. What is the units digit of o(i)?
8
Let l(c) = -c**3 - 5*c**2 + 5*c - 6. Let b be l(-6). Suppose b = 5*a - w - 31, 5*a - w = 3*a + 13. What is the units digit of a?
6
Let x(r) = 2*r**2 + 5*r - 2. What is the units digit of x(-5)?
3
Let h = 55 - 11. Suppose -64 = -5*c - 4*x + h, x = 2. Suppose 3*v = v + 4*s + c, 3*v - s = 35. What is the units digit of v?
2
Suppose 3*q = -5*b + 292 - 118, 0 = q - 3*b - 44. What is the units digit of q?
3
Let r(k) = 2*k**2 - 7*k + 5. Let j be r(4). Let v be 2/j + 74/(-9). Let u(o) = -o + 1. What is the units digit of u(v)?
9
Suppose -7*w + 3*w + 80 = 0. What is the tens digit of w?
2
Suppose -150 = -4*p - p. What is the tens digit of 738/p + 3/(-5)?
2
Let a = 1 + -1. Suppose 4*w - 4*j = a, j - 6*j = -2*w - 3. What is the units digit of w?
1
Let n = 296 + -171. What is the hundreds digit of n?
1
Suppose -2*z - 5*u + 44 = 0, -z + 2*z - u = 29. What is the tens digit of z?
2
Let s = 2 + 30. What is the tens digit of s?
3
What is the units digit of 18/117 + 843/13?
5
Suppose 504 = 4*f + k, -123 + 389 = 2*f + 4*k. What is the tens digit of f?
2
Let s = 40 - 24. What is the tens digit of s?
1
Let o = 32 - 58. Let j be (-3)/6 + o/4. Let t = 14 + j. What is the units digit of t?
7
Let t = 165 + -92. What is the tens digit of t?
7
Let u(c) be the second derivative of -c**4/12 - 4*c**3/3 + c**2/2 - 10*c. Suppose j - 3 = x, 4*x + 4*j + 1 + 43 = 0. What is the units digit of u(x)?
8
Suppose 2*r - 4*u - 8 = -0*u, 0 = -r - 4*u - 26. Let h(q) = q**3 + 8*q**2 + 9*q + 1. What is the tens digit of h(r)?
1
Let c be (1 - 3) + (-4)/(-1). Suppose -2*k = -5*k - c*s + 8, -2*s + 8 = 0. Suppose k*v - 6 = -v. What is the units digit of v?
6
Let n = 39 - 36. What is the units digit of n?
3
Let n(i) = -6 - 3 + 26 + i + 9. What is the units digit of n(0)?
6
Let g = 241 + -57. What is the units digit of g?
4
Let f be (-1)/3 - (-100)/3. Let a = f - 17. What is the units digit of a?
6
Let i be ((-6)/(-9))/(2/15). Suppose i*j - 32 = j. What is the units digit of j?
8
Let j(v) = 7*v + 12. What is the tens digit of j(3)?
3
What is the hundreds digit of 3/36*3 - 2268/(-16)?
1
Let q be (10/(-15))/((-2)/12). Let v be q*(-2 + 0 - -3). Let c = v + 3. What is the units digit of c?
7
Suppose -4*q + 9*q - 145 = 0. Suppose 5*n - q = n + 3*t, 5*n = 5*t + 30. What is the units digit of n?
1
Let t be 6/10 - (-198)/45. Suppose -24 - 196 = -t*y. What is the tens digit of y?
4
Suppose 0 = -0*t - 3*t + 222. What is the units digit of t?
4
Let t be (6/(-7))/((-3)/21). Suppose t*u - 4*u - 3*n - 15 = 0, -5*u = 2*n + 10. Suppose 0 = -u*z + 2*z - 12. What is the units digit of z?
6
Suppose 0 = -2*w - w + 3*b - 21, -2*w - 5*b = 0. Let v(k) = -k**3 - 4*k**2 + 3*k + 2. What is the units digit of v(w)?
2
Let p(m) = -m**2 - 20*m + 1. Let x be p(-9). Suppose 2*i - x = -2*i. What is the units digit of i?
5
Suppose -3*l + 0*l = -69. What is the units digit of l?
3
Suppose -2*r + 41 - 3 = 0. Let u = -29 + r. Let t = 1 - u. What is the tens digit of t?
1
Let d(w) = w**2 + 11*w + 12. Let m be d(-10). Let y(l) = -4 - 2*l - 1 - 6*l - l**m. What is the tens digit of y(-5)?
1
Let q = -9 + 141. Suppose 5*c = -b + q, 2*c - 4*b - 30 = 14. What is the tens digit of c?
2
What is the tens digit of ((-33)/12 + 1)*-40?
7
Suppose -k + 0*k = 0. Suppose -2*o - 3 + 7 = k. Suppose -3*l - 25 = -d, -5*l + 34 - o = 4*d. What is the units digit of d?
3
Suppose 0 = 5*z - 2*z - 15. Let a(c) = z*c + 2*c - 1 + 3*c. What is the units digit of a(1)?
9
Suppose 0 = q + 1 - 4. Let o = 4 - q. What is the units digit of o?
1
Suppose -i - w + 4*w = 9, -w + 3 = -2*i. Let s be (-1)/2*i + 4. Let g = s - 3. What is the units digit of g?
1
Suppose 0 = 3*v - 8*v + 170. What is the tens digit of v?
3
Suppose -3*w = -415 - 413. What is the units digit of w?
6
Suppose -i + 6 - 2 = 3*o, 16 = 4*o - 4*i. Suppose 7*y - 2*y + 4*n - 54 = 0, 0 = o*y + 4*n - 12. Let k = y + -8. What is the units digit of k?
6
Suppose 3*y = -4*v + 112, 4*y + 2*v = -33 + 189. Let k = y + -22. Let s = -10 + k. What is the units digit of s?
8
Suppose 6*k - 54 = 2*k - 2*t, k = t + 21. Suppose 5*u - 3*n - n = 48, 0 = u - 4*n - k. What is the units digit of u?
8
Let w(j) = -9*j**2 + j - 1. Let r be w(1). What is the tens digit of (-117)/r*1*2?
2
Suppose -8*g + 316 = -4*g. What is the units digit of g?
9
Let x = 64 + 32. What is the units digit of x?
6
Let x be -3 - (6/3 - 2). Let d = x + 10. What is the units digit of d?
7
Suppose -j + 1 = -0. Suppose c = j + 13. What is the units digit of c?
4
Let v = 19 + 14. What is the tens digit of v?
3
Let k(i) = i**3 + i**2 - i + 1. Suppose 0*u = u - 1. Let j be k(u). Suppose -5*l = -j*l - 12. What is the units digit of l?
4
Let y be -1 - -1 - (-1 + -2). Suppo